(s) = 4174*s**2 - 29*s - 214. Is z(-5) prime?
True
Suppose -l = -2*t - 26, -2*l = l - 4*t - 82. Suppose -2*g + 18876 + 14340 = 0. Is (g/l - -6)/(4/10) prime?
True
Let c(s) = -82*s**3 + 3*s**2 + 12*s + 9. Is c(-4) composite?
True
Suppose -8687 + 312 = -25*v. Suppose -48*b = -53*b + v. Is b a prime number?
True
Let w(h) = 435*h**2 - 12*h - 53. Let p be w(-7). Suppose 22*k = p + 39352. Is k prime?
False
Let u be (-1 - (-2)/(-4))*(-3505 + -13). Suppose -4*w - k + u = -189, 3*w + 4*k = 4093. Is w prime?
True
Suppose 90440 = -6*n + 551804. Is n prime?
False
Suppose -5*t = -2*c + 25881, 3*c - 14356 - 24457 = -t. Is c composite?
True
Let l(s) = s**3 - 2*s**2 + 2*s - 1. Let o be l(2). Let c be (o/6)/(3/(-210)). Is (-53 - 0)/(5/c) prime?
False
Let p(y) = 257*y + 3477. Is p(88) a prime number?
False
Let g(z) = z**3 - 3*z**2 - z - 5. Let j be g(4). Suppose 524 - 2085 = j*h. Let a = h - -382. Is a composite?
True
Let y(v) = -2062*v - 901. Is y(-11) a prime number?
False
Suppose 4 = 3*t - 2, -5*k = -5*t. Is (32/(-20))/k - 26916/(-20) a composite number?
True
Let d(s) = -10*s - 30. Let p be d(10). Let k = -132 - p. Is (1/k)/((-2)/18884) composite?
False
Let j(n) = -95*n**3 - 11*n**2 - 25*n - 73. Let r be j(-9). Suppose w = -13*w + r. Is w prime?
False
Is -3*3*(-63534)/54 a composite number?
False
Suppose -2*g + 12 = g. Suppose -g*d - d = -1765. Suppose -3*r + d = 4*a, 3*a = 2*r - 0*a - 224. Is r a composite number?
True
Let w(y) = -3*y**3 - 11*y**2 + 4*y + 16. Let q(t) = 1. Let u(s) = -4*q(s) - w(s). Let n be u(9). Suppose -13*r + 10653 = n. Is r composite?
False
Let p = 47 + -34. Suppose 1 = -4*y + p. Suppose 0 = 3*c - 3, 2*a + 50 = y*a - 3*c. Is a a prime number?
True
Suppose 0 = -14*s + 187600 + 12502. Is s prime?
True
Suppose -10*i - 103940 = -24770. Let n = i - -12644. Is n a composite number?
True
Let z be ((-3180)/(-105))/(4/14). Let y = z - 93. Is (1 - 2 - 0)*(-306 + y) composite?
False
Let j(a) = 54*a + 2531. Let s = 543 + -543. Is j(s) prime?
True
Let g(d) = -11*d + 92. Let n be g(8). Suppose 0 = -5*r + n*t + 5345, -5*r + 5*t = -3081 - 2259. Is r a prime number?
False
Suppose -3*h = -2*h - 4*o - 1950, -4*h = 2*o - 7818. Let l = h + -2838. Is -1 - -2 - -2 - l prime?
True
Let t = -39130 - -63839. Is t a prime number?
True
Suppose -17*o + 26*o + 54 = 0. Is (-1032066)/168*8/o a prime number?
True
Let b = 11 - 10. Let k be (-8 - -4) + 2/b. Is ((-1 - k) + -966)*1*-1 a composite number?
True
Let v = 23069 + 58440. Is v prime?
True
Let b = 59 + -56. Suppose -2*u + 20 = h - 6*u, -28 = -b*h + 4*u. Suppose -4*v - 6556 = -h*c, -2*c + v = -5*c + 4917. Is c a composite number?
True
Let a be 5/(25/3) + (-1274)/(-35). Let o(q) = -8 + 1 - 15 - a*q + 1. Is o(-6) composite?
True
Suppose -6*h = -3*i - h + 295908, 493141 = 5*i - 4*h. Is i a prime number?
True
Suppose -n - 33 = -35. Let b be (-248)/(-18) + 9/((-243)/(-6)). Is ((-30891)/b)/((-3)/n) a prime number?
True
Suppose 0 = -9*p + 28296 + 13302. Suppose -7*s = -p - 4065. Is s a composite number?
True
Let v(z) = 4*z - 10. Let l be v(17). Let c be -3 + 16/6 + l/3. Let x = c - -66. Is x a composite number?
True
Let b = 133510 - 70319. Is b composite?
True
Suppose -11*t + 11 = -22. Is 1 - (44919/(-7) - t) prime?
True
Let m(u) = u**2 + 4*u + 13. Let q be m(-3). Suppose 24 = 6*a - q*a. Is (-583)/((-2 - a)/(-4)) prime?
False
Let z(c) = 8*c**3 - 10*c**2 - 20*c + 81. Let u be z(11). Suppose -u = 6*k - 183137. Is k prime?
False
Let z be ((-22)/(-6))/((-4)/36). Let h(b) = -b**3 - 29*b**2 - 3*b + 158. Is h(z) prime?
False
Let q(o) = 197*o**3 - 30*o**2 - 30*o + 48. Is q(11) a prime number?
False
Let q = 22 - 16. Let m(s) = 2*s**3 + 6*s**2 + s + 15. Let v be m(q). Suppose 0 = 10*l + v - 11819. Is l a composite number?
True
Let u be 55/(23 - 12) - (0 + 3). Is ((-2)/(-3))/((-44)/(-319737))*u composite?
False
Let g = 1624352 - 1109478. Is g prime?
False
Suppose 82*f - 5110522 + 1735484 = 0. Is f composite?
True
Let u(z) = 18*z**2 - z + 9. Let y = 177 - 187. Is u(y) prime?
False
Let p = 783651 + -439900. Is p a composite number?
True
Suppose 0 = 41*i - 40*i + 3. Let s(d) = 6*d + 21. Let m be s(i). Suppose m*t + t - 1892 = 0. Is t prime?
False
Suppose -7*y + f + 90236 = -6*y, -f = -2*y + 180474. Is y composite?
True
Let x be (-1*28/(-7))/2. Is x/(7*(-8)/(-100604)) a composite number?
False
Let d(c) = -c**3 - 6*c**2 + 11*c - 4. Let b be d(-8). Let x be (b/(-10))/(-9) + 56/10. Suppose 1370 + 604 = x*l. Is l prime?
False
Let q(l) = 4*l**3 + 2*l**3 - 2 - 5*l**3 - 6*l**2 + 2*l. Suppose 250*b - 243*b = 42. Is q(b) prime?
False
Suppose 46*s - 457232 - 3851015 = 82959. Is s prime?
True
Let g(t) be the second derivative of 23*t**4/6 + 5*t**3/2 - 8*t**2 - 2*t - 29. Is g(9) a prime number?
False
Let d(f) = 11*f**2 + 8*f - 9. Suppose 4*c + 36 = -0*c + 2*p, 0 = 4*c - 3*p + 40. Let n be d(c). Suppose 22 = -4*t + n. Is t a composite number?
False
Let t = 346347 + -139468. Is t a prime number?
True
Let k be -4 + (3 + -6 - -6). Let c be k/(8/(-68)) - (-1)/(-2). Suppose 11*x - 3147 = c*x. Is x prime?
True
Let p(d) = -3*d - 39. Let t be p(-14). Suppose t*l - 24 = -4*o, 4*l - 13 = 3. Suppose x - 5*f + 10708 = 4*x, o*x = 4*f + 10717. Is x a prime number?
True
Suppose -6*y = 2*v - 5*y - 1764, 4*v + y - 3524 = 0. Suppose -4*l = 3*o - 3765, -o - l = -v - 376. Is o a composite number?
False
Let f = 35 + -8. Suppose -928 = 25*s - f*s. Is (-4)/(-10)*(s - 9) + 3 a composite number?
True
Let h(v) be the first derivative of -8 + 1/2*v**2 + 10/3*v**3 - 25*v. Is h(-11) a prime number?
False
Suppose -17 = 4*m - 97. Suppose -5*p - 5 = -m. Suppose -i - 381 = -2*x, x - 261 + 73 = p*i. Is x a prime number?
True
Is -75208*667/(-145) + -2*(-1)/10 prime?
False
Let b = -29572 + 78213. Is b a composite number?
True
Suppose -122124 = -3*i - o, o - 47870 = 3*i - 169988. Suppose -i = -7*l - 2*l. Suppose 5*r - 2946 = -j, l = 2*j - 4*r - 1299. Is j composite?
True
Let t be 2 + (9 - 4 - -1)/3. Suppose 2*a = 1 + 5, t*a - 6720 = 4*z. Let h = z - -2754. Is h prime?
False
Let p be (18/(-24)*-10)/((-2)/(-88)). Suppose 1084 = -3*y + t + 138, p = -y + 4*t. Is y*2/12*(-3 - 0) a prime number?
True
Let g = 78 - 75. Suppose -4*x + 5 = -9*x - 4*w, -x - g*w - 12 = 0. Suppose 4*n - 3*h - 449 - 995 = 0, 1083 = x*n + 2*h. Is n prime?
False
Let b be 90/(-108) - 70/(-12). Suppose -19895 = -0*l - b*l - 4*o, -5*o = 25. Is l a composite number?
True
Let q be (-28)/49 + 12/(-21)*-1. Suppose -3*d - 4*d - 42 = q. Is (((-801)/d)/3)/(1/2) prime?
True
Let v = -125702 - -211365. Is v prime?
False
Let r(a) be the second derivative of a**4/3 + a**3/3 - 3*a**2/2 + 2*a. Suppose 3*w + 43 - 55 = 0. Is r(w) a prime number?
False
Let o(j) = 2*j**3 - 57*j**2 + 934*j + 43. Is o(82) a prime number?
False
Let q(m) = 1568*m**3 - m**2 + 3*m - 7. Let a(r) = r**3 - 1. Let z(g) = -3*a(g) + q(g). Is z(1) a prime number?
False
Let l be 134 + 0 - (-23 - -29). Let h be (-50)/((0 + 2)/2). Let j = l - h. Is j prime?
False
Suppose -41*d + 10397270 = 5*r - 38*d, -r = 5*d - 2079476. Is r composite?
True
Let i = -32 + 26. Is i/(48/692)*-4 a composite number?
True
Let o(n) = 57*n**2 + 1171*n - 137. Is o(90) composite?
True
Suppose 8*w - 7*w - b - 436 = 0, -3*b + 2164 = 5*w. Let r = 1371 - w. Is r a prime number?
True
Let h = 537 + -537. Suppose h = -2*w + 10907 - 369. Is w a prime number?
False
Let s(c) be the third derivative of c**6/120 + 3*c**5/20 - 5*c**4/6 - 25*c**3/6 - 247*c**2. Is s(17) composite?
True
Let s(d) = -4657*d - 954. Is s(-5) a prime number?
False
Let i = -1891 + 2657. Let x = i + -183. Is x a composite number?
True
Let j(c) be the third derivative of 11*c**5/60 + 9*c**4/8 - c**3/6 - 8*c**2 - 1. Is j(17) prime?
True
Suppose 4*o + 4*b - 67784 = 0, -5*o = -4*b - 76051 - 8706. Is o a composite number?
True
Let l = 3271 - -23988. Is l composite?
False
Let s(q) = 18*q**3 + 5*q**2 - 5*q + 35. Suppose 27 = 9*d - 6*d. Is s(d) a prime number?
False
Let d(l) = 1598*l**3 + 10*l - 19. Is d(4) a composite number?
False
Let s(v) = -242*v**3 - 6*v**2 - 18. Let b be s(-6). Let m = 78193 - b. Is m a prime number?
False
Suppose 3*d = -5*h + 37134, 3*d - 15*h = -17*h + 37125. Is d a prime number?
True
Suppose 199*k + 76526507 = 438*k - 132*k. Is k a composite number?
True
Suppose -27*m + 131024 = -19*m. Let s = m + -11541. Is s pr